-3 - (-82)/2.
2, 5
Let b(p) be the first derivative of -p**4/4 + 8*p**3/3 + 2*p**2 - 12*p - 4. Let r be b(9). Let n = r - -101. What are the prime factors of n?
2, 11
Suppose 0*r + 3*g = r - 79, 292 = 3*r + 2*g. Suppose -25 = u - r. List the prime factors of u.
3, 23
Suppose -3*t + 4*t = 2. Suppose k + 2*d - 9 = 6*d, 8 = t*k + 2*d. What are the prime factors of k?
5
Let i be (37/(-2) + 3)*(-32)/(-4). Let j = 283 + i. What are the prime factors of j?
3, 53
Suppose -3*b = -2*a + 470, -75*a + 4*b - 1152 = -80*a. What are the prime factors of a?
2, 29
Suppose 0 = -3*l + 12, -6*l + 2*l = 5*q + 1184. Let g = q - -361. What are the prime factors of g?
11
What are the prime factors of -3*(-3115)/15 + -4 + 5?
2, 3, 13
Let s be (12/8)/(3/4). Let t = 10 + s. List the prime factors of t.
2, 3
Suppose -66*f + 90*f = 90432. List the prime factors of f.
2, 3, 157
Let o(a) = -a**2 + a - 47. Let f be o(0). Let l be (-121)/4 - 18/24. Let k = l - f. List the prime factors of k.
2
Suppose -5*k + 3*k = -8. Suppose -r - 2*h = k*r - 40, 0 = -5*h. Let a = r + 3. List the prime factors of a.
11
Let l be (-21)/(-35) - (-6)/(-10). Suppose 0 = -2*d + 4*d - 4*p - 8, 0 = -3*d - p + 19. Let s = d + l. List the prime factors of s.
2, 3
Let z(m) = m + 12. Let x be z(-20). What are the prime factors of -4 - 28/x*(-48)/(-3)?
2, 13
List the prime factors of -901*(5 - (15 + -6) - -3).
17, 53
Suppose -5*c - n = -0*n - 106, 0 = 5*c + 5*n - 110. Let x(a) = -1 - 2*a**3 - 2*a + 0*a**2 + c*a**3 + 3 + a**2. List the prime factors of x(1).
2, 5
Let j be 1 + (-8)/(-4) + 2. Suppose o = -j*m + 100, -2*m + o = -o - 52. List the prime factors of m.
3, 7
Let a = 62 + -60. List the prime factors of 127*(4 - 2)/(0 + a).
127
Let s be (-1 - (-4)/(-2)) + 18. What are the prime factors of s/(-6)*340/(-25)?
2, 17
Let j(v) = -v + 2. Suppose 0 = 4*i + 5*c - 33, 2*c - 13 = -4*i + c. Let l be j(i). What are the prime factors of (-22 + 1)*(l + -1)?
3, 7
Let p(g) = 2*g**2 - 2*g + 6. Suppose 4*w - 25 = -2*n - 5, w - 5 = 0. Suppose -20 = -n*i - 5*i. List the prime factors of p(i).
2, 3, 5
Let d be 3*(-15)/(-9) + 3. Let p(k) = -k**2 + 7*k + 8. Let o be p(d). Suppose -6 = -2*i - o. What are the prime factors of i?
3
Let h(z) = 5*z**2 - 28 + 4*z + 17 + 12. List the prime factors of h(3).
2, 29
Let l be (-38)/(-9) - 16/72. Suppose 5*y - l*y = 47. What are the prime factors of y?
47
Let s(c) = c + 7. Let j be s(-5). Suppose 2*l = -5*x + 123, -3*x = -l - j*x + 65. List the prime factors of l.
2
Suppose -3*q + g = -980, q = -7*g + 2*g + 332. List the prime factors of q.
3, 109
List the prime factors of 10650/45 + (-6)/9.
2, 59
Let q be (-1)/(-3) + 41/3. Let c(a) = a**2 - 16*a + 49. What are the prime factors of c(q)?
3, 7
Let i(a) be the second derivative of -3*a**2 + 0 + 1/4*a**4 - 1/6*a**3 - 2*a. What are the prime factors of i(4)?
2, 19
Suppose -4*g + 6 = -14. Suppose g*y - 4 = y. List the prime factors of (0 - -1)*12/y.
2, 3
Let d = 24 - -72. Suppose 17*r - 21*r = -d. What are the prime factors of r?
2, 3
Suppose -5*o + 40 = 4*i, 6*o - o + 2*i = 30. Suppose -4*l + 200 = 4*y, -5*l + 0*y + 250 = -o*y. What are the prime factors of l?
2, 5
Let s(x) = 40*x + 7. Let u be s(5). Suppose 4*n = -69 - u. List the prime factors of 8/(-6) + (-2990)/n.
2, 3, 7
Suppose -3*z - 4*z = -70. List the prime factors of ((-32)/8)/((-1)/z).
2, 5
Let m = 186 + -182. Let y = 98 + -69. Suppose 7 + y = m*h. List the prime factors of h.
3
Suppose 929*r - 924*r = 1595. What are the prime factors of r?
11, 29
Let d = -37 + 398. What are the prime factors of d?
19
Let f(g) = -3*g**2 + 14*g + 0*g**2 + 3 + 4*g**2 - 1. Let c be f(-14). Suppose c*m - 43 = 35. What are the prime factors of m?
3, 13
Suppose 2*a - 489 = -2*b + 875, -3*a - 670 = -b. What are the prime factors of b?
7, 97
Let c = -19 - -9. Let r = 13 + c. Suppose -2*m + 63 = 3*u, 8 + 24 = u - r*m. What are the prime factors of u?
23
Let w(j) = -j**2 + 10*j - 8. Let m be w(10). Let x = m + 13. Suppose 3*p = -x*k - p + 67, 5*p = k - 25. What are the prime factors of k?
3, 5
Let i = -21 + 34. Let c = -11 + i. Suppose -4*z + 12 = -0*z, 64 = c*m - 4*z. List the prime factors of m.
2, 19
Let s(f) = -2*f**3 + f**2 - 4*f - 10. List the prime factors of s(-7).
3, 251
Let q(p) = 8*p**2 + p - 2. Let i be q(4). Let y = i - 88. What are the prime factors of (y/9)/((-6)/(-9))?
7
Let w be 4742 + (2 - 5 - 1). List the prime factors of 5/(-37 + -3) - w/(-16).
2, 37
Let r(n) = 4*n + 2*n**3 + n**3 - n**3 - n**2 - 4 + 2*n**2. What are the prime factors of r(3)?
71
Suppose -12 = 2*h + h, 0 = f - 3*h - 24. Suppose f = 3*r - 30. What are the prime factors of r?
2, 7
Let i be ((-9)/4)/(6/(-512)). Suppose -11*q + i = -8*q. List the prime factors of q.
2
Let o = -565 - -1016. What are the prime factors of o?
11, 41
Let y = 3735 + -2123. List the prime factors of y.
2, 13, 31
Suppose -11*q + 727 = -4784. What are the prime factors of q?
3, 167
Let v = 1180 + -1067. List the prime factors of v.
113
Let p(x) = 2*x**3 - x**2 - 3*x + 1. Let a be p(2). Suppose -a - 13 = -4*s. Suppose i + 3*i - s*b - 79 = 0, i = -4*b + 46. List the prime factors of i.
2, 13
Let t be (-3)/(-2) - (15/(-6) + 1). Suppose -2*h = t*r - 351, -101 = -2*r + h + 140. List the prime factors of r.
7, 17
Suppose -5*q = -801 - 954. Suppose 41 = 4*m - q. What are the prime factors of m?
2, 7
Let s = 55 + -51. Suppose -s*g - 5*o = -307, -g + 5*o + 13 = -45. What are the prime factors of g?
73
List the prime factors of ((-1674)/(-12) - 4)*2/1.
271
Suppose -c + 103 = -x - 0*x, -x + 4 = 0. List the prime factors of c.
107
Let i(s) = 4*s - 3. Let z be i(2). Suppose 263 = 3*o + z. Suppose -o = -6*b + 4*b. What are the prime factors of b?
43
Suppose 7*r = 2327 + 396. What are the prime factors of r?
389
Let s = 433 - 379. List the prime factors of s.
2, 3
Suppose 26*t - 24572 = 8838. What are the prime factors of t?
5, 257
Let l = 2194 - 1303. List the prime factors of l.
3, 11
Suppose 5*b = -922 + 147. Let v = b + 337. List the prime factors of v.
2, 7, 13
Let y be (-27)/(-45)*(-1 + 116). Suppose o + 2*o + 3*u = y, -87 = -3*o + 3*u. What are the prime factors of o?
2, 13
Let o = 3995 + -2721. What are the prime factors of o?
2, 7, 13
Suppose 2 = -35*x + 36*x. Suppose -3*w - 150 = -x*z, -2*w + 4*w - 225 = -3*z. List the prime factors of z.
3, 5
Suppose -9*b - 6577 = -12*b + 4*h, 0 = h - 2. What are the prime factors of b?
5, 439
List the prime factors of (1/3 + 56/(-42))*-4316.
2, 13, 83
Let t(l) = 4*l - 30. Let j be t(9). Let r(o) = 10*o + 3. List the prime factors of r(j).
3, 7
Suppose 15*o + 1278 = 21*o. What are the prime factors of o?
3, 71
Let b = -20 - -24. Suppose -36 = -b*s - 188. Let z = s - -66. List the prime factors of z.
2, 7
Let d(o) = -o**3 + 2*o**2 + 4. Let a be d(3). Let w(s) = -21 - s**2 + 2*s - s**3 + 9 - 2*s**2. List the prime factors of w(a).
2, 7
Let t = -25 - -46. Let k = t - 19. Suppose -2*v + k*p + 43 + 85 = 0, 3*p = 5*v - 324. List the prime factors of v.
2, 3, 11
Let h(b) be the third derivative of -3*b**6/40 - b**5/60 - b**4/24 - 10*b**2 + 1. Let n be 3/(-6) - (-2)/(-4). What are the prime factors of h(n)?
3
Let w = 333 + -363. Let j(p) = -83*p + 1. Let k be j(-1). Let d = w + k. List the prime factors of d.
2, 3
Suppose 0 = 5*j + 24 - 64. Let g = 162 + -236. Let l = j - g. What are the prime factors of l?
2, 41
Suppose -o = 4*q, 2*q = 4*o + 14 + 4. List the prime factors of ((-156)/4)/(4/o).
3, 13
Let z(a) = 3*a - 2. Suppose 12 = 9*j - 8*j. List the prime factors of z(j).
2, 17
Suppose -5*c = 44 + 26. Let r = 16 + c. Suppose h = r*h - 26. List the prime factors of h.
2, 13
Suppose 2*j + 5*w - 2 = -8, -2*w - 12 = -4*j. Suppose -2*c = -j*l - 50, -4*c + 15 = -l - 16. Let m = -9 - l. List the prime factors of m.
2, 7
Let t = 63 - 78. Let w = -24 + 12. Let y = w - t. What are the prime factors of y?
3
Let k be ((-94)/(-10) + 6/(-15))*1. List the prime factors of (51/k)/(3/36).
2, 17
Let k = 9951 - 6727. What are the prime factors of k?
2, 13, 31
Let r(g) = -g + 12. Let i be r(7). What are the prime factors of (2/i)/(8/1460)?
73
Let w(j) be the first derivative of -j**6/360 + j**5/20 + 2*j**3/3 + 4. Let g(d) be the third derivative of w(d). List the prime factors of g(5).
5
Suppose 13*m - 944 = 9*m + 2*h, 5*m - 5*h = 1190. Wh